, 23, 31, 56923
What are the prime factors of 4384174884?
2, 3, 10789, 33863
What are the prime factors of 32013489?
3, 193, 55291
What are the prime factors of 18364241?
7, 19, 138077
What are the prime factors of 32427796?
2, 307, 26407
What are the prime factors of 14799664?
2, 11, 84089
What are the prime factors of 558763325?
5, 373, 59921
What are the prime factors of 142802156?
2, 7, 5100077
What are the prime factors of 1383674907?
3, 461224969
List the prime factors of 62477006.
2, 17, 47, 39097
List the prime factors of 127007756.
2, 887, 35797
What are the prime factors of 1902812661?
3, 419, 168197
What are the prime factors of 20025753?
3, 11, 19, 41
What are the prime factors of 98973381?
3, 13, 2537779
List the prime factors of 109199016.
2, 3, 43, 3919
What are the prime factors of 7732369433?
67, 115408499
What are the prime factors of 251840348?
2, 251, 250837
What are the prime factors of 12122794?
2, 23, 211, 1249
What are the prime factors of 753984620?
2, 5, 23, 1639097
What are the prime factors of 108175379?
13, 19, 59, 571
List the prime factors of 215913940.
2, 5, 11, 17, 57731
List the prime factors of 2683303412.
2, 4957, 135329
What are the prime factors of 1094105165?
5, 31, 7058743
List the prime factors of 4474358645.
5, 787, 1137067
List the prime factors of 1232932800.
2, 3, 5, 11, 19, 1229
What are the prime factors of 2945762677?
11, 13, 509, 40471
What are the prime factors of 293314796?
2, 2393, 30643
List the prime factors of 904200521.
7, 9311, 13873
List the prime factors of 476524752.
2, 3, 11, 29, 31121
List the prime factors of 146674054.
2, 29, 2528863
What are the prime factors of 115875605?
5, 23175121
List the prime factors of 377347370.
2, 5, 2689, 14033
What are the prime factors of 742936467?
3, 7, 13, 113, 24083
List the prime factors of 369097362.
2, 3, 20505409
List the prime factors of 6024139.
11, 53, 10333
List the prime factors of 417386185.
5, 5023, 16619
What are the prime factors of 55913293?
149, 375257
List the prime factors of 1640797295.
5, 31, 10585789
What are the prime factors of 67706531?
439, 154229
List the prime factors of 1227418012.
2, 19, 16150237
What are the prime factors of 1820360454?
2, 3, 11, 167, 317, 521
List the prime factors of 140266328.
2, 23, 61, 12497
What are the prime factors of 5381934855?
3, 5, 11, 73, 446819
List the prime factors of 8772803253.
3, 19, 29, 65521
What are the prime factors of 7508414?
2, 251, 14957
What are the prime factors of 23602267?
13, 1815559
What are the prime factors of 37035188?
2, 67, 138191
List the prime factors of 120905934.
2, 3, 83, 107, 2269
What are the prime factors of 8190166?
2, 173, 23671
List the prime factors of 1249505551.
7, 178500793
What are the prime factors of 613044874?
2, 13, 41, 367, 1567
What are the prime factors of 119349190?
2, 5, 103, 115873
What are the prime factors of 368862377?
13, 463, 61283
What are the prime factors of 4197885515?
5, 491, 1709933
List the prime factors of 158981624.
2, 19872703
What are the prime factors of 558324745?
5, 11, 10151359
List the prime factors of 40297763.
11, 3663433
List the prime factors of 1703943462.
2, 3, 13, 37, 131, 4507
List the prime factors of 153038931.
3, 53, 962509
List the prime factors of 369810506.
2, 13, 14223481
What are the prime factors of 873503671?
463, 967, 1951
What are the prime factors of 343518043?
11, 19, 107, 15361
List the prime factors of 203870091.
3, 23, 2954639
List the prime factors of 256950196.
2, 31, 2072179
What are the prime factors of 5410901999?
281, 19255879
List the prime factors of 2914309.
2914309
What are the prime factors of 1934580288?
2, 3, 137, 73547
List the prime factors of 22082888.
2, 2760361
List the prime factors of 1961586435.
3, 5, 130772429
What are the prime factors of 491875685?
5, 7, 14053591
What are the prime factors of 3270201158?
2, 7, 17, 97, 141653
List the prime factors of 8312169.
3, 2770723
List the prime factors of 6716154601.
13, 139, 1907, 1949
List the prime factors of 2117429978.
2, 281, 601, 6269
List the prime factors of 2984591122.
2, 1492295561
What are the prime factors of 150801977?
41, 3678097
What are the prime factors of 201587235?
3, 5, 13439149
List the prime factors of 5446619766.
2, 3, 7, 17, 79, 10729
List the prime factors of 1855151635.
5, 371030327
What are the prime factors of 989028151?
29, 59, 578041
List the prime factors of 1723510118.
2, 11, 149, 525781
What are the prime factors of 41156683?
23, 313, 5717
List the prime factors of 12407039.
12407039
List the prime factors of 34638845.
5, 37, 187237
What are the prime factors of 1552687692?
2, 3, 129390641
What are the prime factors of 308016819?
3, 11, 3111281
What are the prime factors of 14961454?
2, 23, 325249
List the prime factors of 651461120.
2, 5, 397, 641
What are the prime factors of 3742225104?
2, 3, 19, 211, 19447
What are the prime factors of 796483136?
2, 67, 185747
List the prime factors of 6568305426.
2, 3, 364905857
What are the prime factors of 461827787?
23, 3373, 5953
What are the prime factors of 531805247?
531805247
What are the prime factors of 2814587471?
4001, 703471
List the prime factors of 3334955233.
3334955233
List the prime factors of 567130164.
2, 3, 19, 2487413
What are the prime factors of 2996158948?
2, 17, 409, 6337
List the prime factors of 391595584.
2, 29, 101, 2089
List the prime factors of 3308958146.
2, 13, 2887, 3391
List the prime factors of 7581854751.
3, 2527284917
List the prime factors of 458484703.
607, 755329
List the prime factors of 684554127.
3, 149, 181, 8461
What are the prime factors of 644836406?
2, 97, 34267
What are the prime factors of 206288802?
2, 3, 43, 73, 1217
What are the prime factors of 2577453064?
2, 283, 1138451
What are the prime factors of 1706100218?
2, 29, 29415521
List the prime factors of 37720699.
37720699
What are the prime factors of 83838572?
2, 20959643
What are the prime factors of 349626225?
3, 5, 13, 358591
What are the prime factors of 912822092?
2, 7, 13, 19, 89, 1483
List the prime factors of 24703226.
2, 12351613
What are the prime factors of 20028801?
3, 13, 61, 8419
What are the prime factors of 844847495?
5, 31, 5450629
List the prime factors of 483309105.
3, 5, 227, 141941
What are the prime factors of 97569004?
2, 13, 1876327
List the prime factors of 16707985.
5, 7, 53, 9007
What are the prime factors of 1979183249?
11423, 173263
What are the prime factors of 34146054?
2, 3, 107, 17729
List the prime factors of 520500696.
2, 3, 17, 1275737
List the prime factors of 234316601.
234316601
What are the prime factors of 36683918?
2, 1123, 16333
What are the prime factors of 79510621?
79510621
What are the prime factors of 24872659?
7, 163, 21799
List the prime factors of 526057544.
2, 109, 353, 1709
List the prime factors of 212152437.
3, 7, 23, 31, 4723
List the prime factors of 350167536.
2, 3, 270191
What are the prime factors of 30537857?
7, 4362551
What are the prime factors of 126038306?
2, 17, 271, 13679
What are the prime factors of 403743911?
403743911
List the prime factors of 2612550480.
2, 3, 5, 17, 599, 1069
What are the prime factors of 184398358?
2, 97, 950507
What are the prime factors of 70011403?
7, 11, 909239
List the prime factors of 27529707.
3, 433, 21193
List the prime factors of 1785719401.
1785719401
List the prime factors of 2483288.
2, 41, 67, 113
What are the prime factors of 352616410?
2, 5, 313, 112657
List the prime factors of 1278883248.
2, 3, 26643401
List the prime factors of 104879183.
19, 181, 30497
List the prime factors of 8816155.
5, 1763231
What are the prime factors of 1747135637?
13, 23, 191, 30593
List the prime factors of 54905901.
3, 103, 137, 1297
List the prime factors of 23767609.
23767609
List the prime factors of 61702421.
11, 37, 151603
List the prime factors of 487862996.
2, 31, 977, 4027
List the prime factors of 109284260.
2, 5, 1601, 3413
What are the prime factors of 196560429?
3, 13, 31, 367, 443
List the prime factors of 360358780.
2, 5, 823, 21893
What are the prime factors of 735454041?
3, 7, 853, 41057
List the prime factors of 120390531.
3, 137, 292921
List the prime factors of 2384612683.
2384612683
What are the prime factors of 476758929?
3, 47, 3381269
Lis